he prime factors of 25569?
3, 947
What are the prime factors of 793?
13, 61
What are the prime factors of 2681?
7, 383
What are the prime factors of 1279?
1279
What are the prime factors of 3133?
13, 241
List the prime factors of 6041.
7, 863
What are the prime factors of 6244?
2, 7, 223
What are the prime factors of 56839?
113, 503
List the prime factors of 644.
2, 7, 23
List the prime factors of 76136.
2, 31, 307
What are the prime factors of 1306?
2, 653
What are the prime factors of 3583?
3583
What are the prime factors of 35250?
2, 3, 5, 47
List the prime factors of 20747.
20747
What are the prime factors of 108227?
7, 15461
List the prime factors of 29988.
2, 3, 7, 17
What are the prime factors of 2435?
5, 487
List the prime factors of 452.
2, 113
What are the prime factors of 464?
2, 29
List the prime factors of 12941.
12941
What are the prime factors of 581?
7, 83
What are the prime factors of 11043?
3, 409
What are the prime factors of 4950?
2, 3, 5, 11
What are the prime factors of 8358?
2, 3, 7, 199
List the prime factors of 14853.
3, 4951
What are the prime factors of 123?
3, 41
List the prime factors of 1516.
2, 379
List the prime factors of 19390.
2, 5, 7, 277
List the prime factors of 14656.
2, 229
What are the prime factors of 4142?
2, 19, 109
List the prime factors of 1542.
2, 3, 257
List the prime factors of 1101.
3, 367
List the prime factors of 824.
2, 103
What are the prime factors of 7545?
3, 5, 503
List the prime factors of 2165.
5, 433
List the prime factors of 15631.
7, 11, 29
What are the prime factors of 9414?
2, 3, 523
What are the prime factors of 27125?
5, 7, 31
What are the prime factors of 182919?
3, 11, 23, 241
List the prime factors of 15679.
15679
List the prime factors of 13021.
29, 449
What are the prime factors of 17691?
3, 5897
What are the prime factors of 3238?
2, 1619
What are the prime factors of 3716?
2, 929
List the prime factors of 9266.
2, 41, 113
List the prime factors of 333.
3, 37
List the prime factors of 923.
13, 71
List the prime factors of 524.
2, 131
What are the prime factors of 2708?
2, 677
List the prime factors of 202.
2, 101
What are the prime factors of 1274?
2, 7, 13
What are the prime factors of 13353?
3, 4451
What are the prime factors of 3611?
23, 157
List the prime factors of 1453.
1453
List the prime factors of 14.
2, 7
What are the prime factors of 55?
5, 11
What are the prime factors of 1011?
3, 337
List the prime factors of 2657.
2657
List the prime factors of 88346.
2, 163, 271
List the prime factors of 6765.
3, 5, 11, 41
What are the prime factors of 601?
601
What are the prime factors of 465?
3, 5, 31
List the prime factors of 17662.
2, 8831
List the prime factors of 2469.
3, 823
What are the prime factors of 7058?
2, 3529
What are the prime factors of 1788?
2, 3, 149
List the prime factors of 9140.
2, 5, 457
What are the prime factors of 8001?
3, 7, 127
List the prime factors of 10751.
13, 827
List the prime factors of 14195.
5, 17, 167
List the prime factors of 909.
3, 101
What are the prime factors of 6097?
7, 13, 67
What are the prime factors of 433?
433
What are the prime factors of 34485?
3, 5, 11, 19
What are the prime factors of 33435?
3, 5, 743
List the prime factors of 85476.
2, 3, 17, 419
What are the prime factors of 561?
3, 11, 17
List the prime factors of 248.
2, 31
List the prime factors of 517.
11, 47
What are the prime factors of 415?
5, 83
List the prime factors of 512.
2
What are the prime factors of 2294?
2, 31, 37
List the prime factors of 13948.
2, 11, 317
What are the prime factors of 95071?
95071
List the prime factors of 1230.
2, 3, 5, 41
What are the prime factors of 1981?
7, 283
What are the prime factors of 17774?
2, 8887
What are the prime factors of 3699?
3, 137
List the prime factors of 135755.
5, 19, 1429
What are the prime factors of 2075?
5, 83
What are the prime factors of 1916?
2, 479
List the prime factors of 8257.
23, 359
List the prime factors of 2979.
3, 331
List the prime factors of 1260.
2, 3, 5, 7
What are the prime factors of 38272?
2, 13, 23
List the prime factors of 826.
2, 7, 59
What are the prime factors of 66?
2, 3, 11
What are the prime factors of 236?
2, 59
List the prime factors of 4128.
2, 3, 43
List the prime factors of 41.
41
What are the prime factors of 6707?
19, 353
What are the prime factors of 18923?
127, 149
What are the prime factors of 17435?
5, 11, 317
List the prime factors of 118983.
3, 17, 2333
What are the prime factors of 1292?
2, 17, 19
List the prime factors of 4999.
4999
List the prime factors of 4240.
2, 5, 53
List the prime factors of 75764.
2, 13, 31, 47
What are the prime factors of 1347?
3, 449
What are the prime factors of 3928?
2, 491
List the prime factors of 74310.
2, 3, 5, 2477
What are the prime factors of 187?
11, 17
List the prime factors of 338.
2, 13
List the prime factors of 6842.
2, 11, 311
List the prime factors of 69869.
109, 641
List the prime factors of 4494.
2, 3, 7, 107
List the prime factors of 1475.
5, 59
List the prime factors of 8275.
5, 331
List the prime factors of 206.
2, 103
What are the prime factors of 8383?
83, 101
List the prime factors of 387.
3, 43
What are the prime factors of 3598?
2, 7, 257
List the prime factors of 28092.
2, 3, 2341
What are the prime factors of 1097?
1097
List the prime factors of 84828.
2, 3, 7069
What are the prime factors of 52?
2, 13
List the prime factors of 1784.
2, 223
List the prime factors of 6020.
2, 5, 7, 43
What are the prime factors of 1848?
2, 3, 7, 11
What are the prime factors of 65015?
5, 13003
List the prime factors of 1608.
2, 3, 67
What are the prime factors of 11848?
2, 1481
What are the prime factors of 4447?
4447
List the prime factors of 59928.
2, 3, 11, 227
What are the prime factors of 34899?
3, 11633
What are the prime factors of 1284?
2, 3, 107
List the prime factors of 1035.
3, 5, 23
List the prime factors of 32161.
29, 1109
What are the prime factors of 2447?
2447
List the prime factors of 25641.
3, 7, 11, 37
What are the prime factors of 102832?
2, 6427
What are the prime factors of 19261?
11, 17, 103
What are the prime factors of 76022?
2, 38011
List the prime factors of 11458.
2, 17, 337
List the prime factors of 7828.
2, 19, 103
List the prime factors of 11443.
11443
What are the prime factors of 4937?
4937
List the prime factors of 7410.
2, 3, 5, 13, 19
List the prime factors of 2078.
2, 1039
List the prime factors of 2712.
2, 3, 113
List the prime factors of 138.
2, 3, 23
List the prime factors of 83.
83
What are the prime factors of 2378?
2, 29, 41
List the prime factors of 9049.
9049
What are the prime factors of 73365?
3, 5, 67, 73
What are the prime factors of 56851?
139, 409
What are the prime factors of 8998?
2, 11, 409
List the prime factors of 83328.
2, 3, 7, 31
List the prime factors of 3257.
3257
What are the prime factors of 101537?
101537
What are the prime factors of 42949?
29, 1481
What are the prime factors of 30210?
2, 3, 5, 19, 53
What are the prime factors of 2178?
2, 3, 11
What are the prime factors of 14318?
2, 7159
List the prime factors of 1379.
7, 197
What are the prime factors of 3046?
2, 1523
What are the prime factors of 12134?
2, 6067
List the prime factors of 44646.
2, 3, 7, 1063
What are the prime factors of 1774?
2, 887
What are the prime factors of 1775?
5, 71
List the prime factors of 3857.
7, 19, 29
What are the prime factors of 40582?
2, 103, 197
List the prime factors of 1952.
2, 61
List the prime factors of 44221.
44221
List the prime factors of 4896.
2, 3, 17
What are the prime factors of 2258?
2, 1129
What are the prime factors of 2321?
11, 211
List the prime factors of 548.
2, 137
What are the prime factors of 81961?
11, 7451
List the prime factors of 6359.
6359
List the prime factors of 115787.
7, 17, 139
List the prime factors of 21401.
21401
List the prime factors of 4740.
2, 3, 5, 79
List the prime factors of 2998.
2, 1499
What are the prime factors of 2092?
2, 523
What are the prime factors of 19133?
19, 53
List the prime factors of 3390.
2, 3, 5, 113
What are the prime factors of 55797?
3, 7, 2657
List the prime factors of 1070.
2, 5, 107
What are the prime factors of 479?
479
List the prime factors of 2377.
2377
List the prime factors of 8584.
2, 29, 37
What